ivided by 29?
2
Calculate the remainder when 537761 is divided by 39.
29
What is the remainder when 14843 is divided by 27?
20
What is the remainder when 36324 is divided by 386?
40
What is the remainder when 14286 is divided by 31?
26
What is the remainder when 91818 is divided by 10?
8
Calculate the remainder when 2531 is divided by 628.
19
Calculate the remainder when 95137 is divided by 279.
277
Calculate the remainder when 18900 is divided by 1880.
100
Calculate the remainder when 7975 is divided by 2654.
13
What is the remainder when 17626 is divided by 17?
14
Calculate the remainder when 10784 is divided by 430.
34
What is the remainder when 142711 is divided by 25?
11
What is the remainder when 2337 is divided by 170?
127
Calculate the remainder when 43258 is divided by 14385.
103
Calculate the remainder when 197980 is divided by 159.
25
What is the remainder when 52282 is divided by 36?
10
What is the remainder when 57834 is divided by 19276?
6
Calculate the remainder when 275 is divided by 9.
5
Calculate the remainder when 17172 is divided by 2846.
96
What is the remainder when 224368 is divided by 405?
403
Calculate the remainder when 15326 is divided by 42.
38
What is the remainder when 27759 is divided by 272?
15
What is the remainder when 6644 is divided by 935?
99
Calculate the remainder when 11004 is divided by 228.
60
What is the remainder when 26465 is divided by 69?
38
Calculate the remainder when 5189 is divided by 734.
51
Calculate the remainder when 603600 is divided by 1001.
998
Calculate the remainder when 6513 is divided by 463.
31
Calculate the remainder when 10210 is divided by 227.
222
What is the remainder when 4126 is divided by 431?
247
What is the remainder when 5565 is divided by 423?
66
Calculate the remainder when 902814 is divided by 41.
35
Calculate the remainder when 2910 is divided by 74.
24
What is the remainder when 3763 is divided by 74?
63
Calculate the remainder when 2012 is divided by 1957.
55
What is the remainder when 1016309 is divided by 23?
8
What is the remainder when 1139 is divided by 79?
33
Calculate the remainder when 274696 is divided by 17.
10
Calculate the remainder when 74337 is divided by 354.
351
Calculate the remainder when 15153 is divided by 7564.
25
Calculate the remainder when 26647 is divided by 3.
1
What is the remainder when 1248869 is divided by 798?
797
Calculate the remainder when 2373 is divided by 72.
69
What is the remainder when 17698 is divided by 316?
2
Calculate the remainder when 686627 is divided by 13463.
14
Calculate the remainder when 35742 is divided by 527.
433
What is the remainder when 41738 is divided by 45?
23
What is the remainder when 333196 is divided by 9?
7
Calculate the remainder when 20558 is divided by 20482.
76
Calculate the remainder when 86248 is divided by 4.
0
What is the remainder when 867171 is divided by 410?
21
Calculate the remainder when 3054 is divided by 227.
103
What is the remainder when 10172 is divided by 3227?
491
Calculate the remainder when 235560 is divided by 24.
0
Calculate the remainder when 40623 is divided by 677.
3
What is the remainder when 10737 is divided by 10?
7
Calculate the remainder when 1160 is divided by 136.
72
Calculate the remainder when 58811 is divided by 715.
181
Calculate the remainder when 5896 is divided by 203.
9
What is the remainder when 10296 is divided by 191?
173
Calculate the remainder when 4144 is divided by 352.
272
What is the remainder when 1488551 is divided by 15?
11
Calculate the remainder when 1531468 is divided by 355.
353
What is the remainder when 870 is divided by 545?
325
Calculate the remainder when 1153 is divided by 89.
85
Calculate the remainder when 2386 is divided by 2336.
50
Calculate the remainder when 19590 is divided by 9786.
18
Calculate the remainder when 735422 is divided by 1417.
1416
What is the remainder when 8195 is divided by 8192?
3
What is the remainder when 437631 is divided by 1318?
55
Calculate the remainder when 36282 is divided by 6042.
30
Calculate the remainder when 315664 is divided by 3897.
7
Calculate the remainder when 1108 is divided by 511.
86
What is the remainder when 1224189 is divided by 64?
61
What is the remainder when 2348553 is divided by 587137?
5
Calculate the remainder when 474 is divided by 108.
42
Calculate the remainder when 72355 is divided by 335.
330
Calculate the remainder when 23006 is divided by 2296.
46
Calculate the remainder when 963 is divided by 955.
8
What is the remainder when 8696 is divided by 28?
16
Calculate the remainder when 25391 is divided by 208.
15
What is the remainder when 140169 is divided by 136?
89
Calculate the remainder when 248569 is divided by 87.
10
What is the remainder when 2217 is divided by 228?
165
Calculate the remainder when 24339 is divided by 51.
12
What is the remainder when 524491 is divided by 382?
5
What is the remainder when 5832 is divided by 117?
99
Calculate the remainder when 10246 is divided by 777.
145
What is the remainder when 119652 is divided by 216?
204
What is the remainder when 2860 is divided by 859?
283
Calculate the remainder when 173437 is divided by 264.
253
What is the remainder when 71287 is divided by 320?
247
Calculate the remainder when 1720032 is divided by 135.
132
Calculate the remainder when 16537 is divided by 28.
17
Calculate the remainder when 6989 is divided by 199.
24
What is the remainder when 386114 is divided by 126?
50
Calculate the remainder when 12600 is divided by 4197.
9
What is the remainder when 2273 is divided by 687?
212
What is the remainder when 152801 is divided by 142?
9
What is the remainder when 150611 is divided by 15?
11
What is the remainder when 80744 is divided by 62?
20
What is the remainder when 2773 is divided by 105?
43
What is the remainder when 6886 is divided by 210?
166
What is the remainder when 21924 is divided by 308?
56
Calculate the remainder when 1739 is divided by 346.
9
Calculate the remainder when 1903 is divided by 920.
63
Calculate the remainder when 19316 is divided by 453.
290
Calculate the remainder when 30350 is divided by 327.
266
What is the remainder when 66856 is divided by 1200?
856
What is the remainder when 637805 is divided by 7874?
11
Calculate the remainder when 596 is divided by 121.
112
What is the remainder when 3902 is divided by 261?
248
What is the remainder when 13342 is divided by 3326?
38
What is the remainder when 1095005 is divided by 4?
1
Calculate the remainder when 9982 is divided by 270.
262
Calculate the remainder when 813129 is divided by 136.
121
Calculate the remainder when 49628 is divided by 149.
11
Calculate the remainder when 1108 is divided by 1107.
1
Calculate the remainder when 42292 is divided by 225.
217
Calculate the remainder when 14277 is divided by 2038.
11
What is the remainder when 31798 is divided by 284?
274
What is the remainder when 11229 is divided by 122?
5
Calculate the remainder when 5448 is divided by 453.
12
What is the remainder when 355827 is divided by 118599?
30
Calculate the remainder when 258 is divided by 81.
15
What is the remainder when 34624 is divided by 6?
4
Calculate the remainder when 5820 is divided by 528.
12
What is the remainder when 37340 is divided by 81?
80
Calculate the remainder when 256018 is divided by 1803.
1795
Calculate the remainder when 1970325 is divided by 579.
567
Calculate the remainder when 2427 is divided by 2423.
4
What is the remainder when 71408 is divided by 23800?
8
Calculate the remainder when 835 is divided by 612.
223
Calculate the remainder when 447864 is divided by 3.
0
What is the remainder when 318777 is divided by 161?
158
Calculate the remainder when 4318 is divided by 863.
3
What is the remainder when 48655 is divided by 48645?
10
What is the remainder when 9732 is divided by 4861?
10
Calculate the remainder when 1526373 is divided by 1670.
1663
Calculate the remainder when 383946 is divided by 54848.
10
What is the remainder when 28800 is divided by 2610?
90
What is the remainder when 6067 is divided by 1375?
567
What is the remainder when 438468 is divided by 145?
133
What is the remainder when 5392 is divided by 2670?
52
Calculate the remainder when 10786 is divided by 45.
31
What is the remainder when 